Calculate i(-15).
-209
Let t(v) = 49*v + 62023. Calculate t(-1266).
-11
Let m(f) = -6576*f - 394588. Calculate m(-60).
-28
Let r(a) = 3130*a**2 + 3160*a + 1. Determine r(-1).
-29
Let l(t) = 2*t**2 - 6470*t - 12947. Calculate l(-2).
1
Let p(a) = -86*a**2 - 1577*a - 1927. What is p(-17)?
28
Let v(g) = -73*g + 1977. Determine v(13).
1028
Let r(h) = h**2 + 1224*h - 49324. Give r(39).
-67
Let v(m) = 2*m**2 - 993*m + 92153. Calculate v(123).
272
Let s(q) = -418*q - 104137. What is s(-249)?
-55
Let m(q) = -134*q + 6565. Calculate m(49).
-1
Let y(n) = -339*n + 98392. Give y(290).
82
Let f(s) = -743*s - 16317. Calculate f(-22).
29
Let p(t) = -19*t**3 - 267*t**2 - 2*t + 134. Calculate p(-14).
-34
Let r(x) = -6*x**3 - 5954*x**2 + 6024*x - 68. Determine r(1).
-4
Let p(c) = c**3 + 15*c**2 - 530*c - 2131. Calculate p(19).
73
Let n(r) = 9*r**2 - 564*r + 7984. What is n(38)?
-452
Let w(p) = p**2 + 5339*p + 37353. Determine w(-7).
29
Let s(v) = -14*v**2 - 47*v + 274. Give s(3).
7
Let b(j) = -353*j + 17371. What is b(50)?
-279
Let j(n) = -58*n**3 - 5*n**2 - 100*n + 213. Calculate j(2).
-471
Let l(n) = 4*n**2 - 1265*n - 15752. What is l(-12)?
4
Let b(l) = -l**2 - 2563*l + 59625. Give b(23).
147
Let r(z) = -480*z**2 - 12954*z + 81. Determine r(-27).
-81
Let f(t) = 7*t**2 - 1637*t - 4962. What is f(-3)?
12
Let w(o) = 19*o**2 - 80*o - 1123. Determine w(10).
-23
Let f(l) = 101*l - 2533. Give f(20).
-513
Let s(t) = t**2 + 117181*t + 820208. Give s(-7).
-10
Let u(k) = 49*k**2 - 855*k + 370. What is u(17)?
-4
Let h(i) = -536*i**2 - 34836*i + 319. Give h(-65).
59
Let l(u) = u**3 - 18*u**2 - 12043*u + 205018. Determine l(17).
-2
Let z(c) = 36*c**2 - 526*c + 2560. Determine z(8).
656
Let y(k) = -2*k**3 + 172*k**2 - 12*k + 1081. Give y(86).
49
Let s(w) = -27*w**2 + 5895*w - 30685. Determine s(213).
-13
Let d(v) = -477*v - 111143. Give d(-233).
-2
Let m(q) = -1231*q - 8732. Calculate m(-7).
-115
Let u(t) = -t**2 + 119*t + 28505. Give u(239).
-175
Let i(t) = t**3 + 77*t**2 + 657*t - 15. Give i(-67).
856
Let m(b) = -33249*b + 1429727. Calculate m(43).
20
Let m(a) = -14529*a + 43255. Determine m(3).
-332
Let z(s) = -s**3 - 233*s**2 + 474*s - 999. Determine z(-235).
-1939
Let a(f) = -30*f**2 + 15*f - 154. Calculate a(3).
-379
Let t(z) = 27*z**2 - 907*z + 2968. Calculate t(30).
58
Let x(k) = -110891*k - 11. Determine x(0).
-11
Let y(c) = 15*c**2 + 485*c + 2452. Determine y(-26).
-18
Let u(y) = 5*y**3 - 75*y**2 - 6*y + 35. Determine u(15).
-55
Let c(f) = 4683*f - 14074. What is c(3)?
-25
Let d(l) = -6*l**2 - 323*l - 194. What is d(-53)?
71
Let y(r) = r**3 - 8*r**2 - 5585*r + 55624. Calculate y(10).
-26
Let z(r) = 24693*r + 9383328. Calculate z(-380).
-12
Let y(k) = -2*k**3 - 141*k**2 - 179*k + 2004. Give y(-69).
72
Let a(s) = s**2 - 190*s + 742. Calculate a(4).
-2
Let y(w) = -3*w**2 - 465*w + 10730. Give y(26).
-3388
Let g(n) = 1280*n - 27656. Determine g(21).
-776
Let w(c) = 11*c**2 + 1657*c - 17650. Calculate w(10).
20
Let g(p) = -81304*p - 162607. Give g(-2).
1
Let y(p) = 2*p**3 + 77*p**2 + 149*p + 6. Calculate y(-2).
0
Let n(x) = -x**2 - 4104*x + 1120774. Give n(257).
-3
Let p(s) = 2*s**2 - 40658*s - 1303120. Calculate p(-32).
-16
Let v(g) = 7*g**3 - 31*g**2 - 1136*g + 5590. What is v(5)?
10
Let w(y) = -y**3 - 138*y**2 + 1156*y + 83. Give w(-146).
1835
Let o(f) = 322*f**2 - 65*f - 22. Give o(-2).
1396
Let o(q) = -16*q**2 - 495*q - 3622. Calculate o(-12).
14
Let y(u) = -3*u**2 - 65128*u + 2479200. Calculate y(38).
4
Let g(q) = 370*q**2 + 2638*q + 2. Give g(-7).
-334
Let x(c) = -4*c**2 - 21*c + 227. What is x(-12)?
-97
Let u(w) = 4*w**2 + 352*w - 1455. What is u(4)?
17
Let k(a) = a**3 - 6*a**2 + 10*a + 148. Give k(14).
1856
Let k(n) = -1013*n**2 - 212*n + 213. Give k(1).
-1012
Let l(x) = 279*x + 9582. Give l(-35).
-183
Let j(k) = -138519*k + 969633. Determine j(7).
0
Let i(g) = g**2 - 92*g - 2158. Determine i(112).
82
Let k(u) = u**2 - 75*u - 14336. Determine k(-82).
-1462
Let h(n) = -4*n**3 - 370*n**2 + 876*n - 7013. Give h(-95).
17
Let c(b) = -b**3 - 3*b**2 + 15*b - 6. Determine c(0).
-6
Let a(n) = -47*n**2 - 4814*n + 159. Determine a(-102).
2199
Let o(l) = 160*l + 5636. Give o(-23).
1956
Let i(d) = -6882*d**2 - 213332*d + 326. What is i(-31)?
16
Let z(b) = -17217*b - 1032956. Determine z(-60).
64
Let f(z) = 2*z**3 + 24*z**2 + 1037*z + 12453. What is f(-12)?
9
Let y(f) = -78*f - 8805. Calculate y(-123).
789
Let n(u) = -436*u + 50976. Give n(117).
-36
Let d(q) = 3*q**2 - 12520*q + 187137. Give d(15).
12
Let g(l) = -49809*l + 398466. Give g(8).
-6
Let h(d) = 34014*d - 354. Determine h(0).
-354
Let t(z) = z**2 + 2018*z - 34601. Give t(17).
-6
Let j(t) = 1641*t + 41799. Determine j(-23).
4056
Let s(q) = -67251*q - 5043827. Calculate s(-75).
-2
Let s(p) = -p**2 - 817*p - 26629. Determine s(-34).
-7
Let y(x) = -48*x**2 + 943*x - 783. What is y(19)?
-194
Let m(u) = -669*u + 3197. Calculate m(10).
-3493
Let f(m) = -813*m + 3951. What is f(4)?
699
Let y(l) = -1503*l**2 - 52*l - 53. Give y(-1).
-1504
Let f(l) = 2*l**2 - 131*l + 36. What is f(41)?
-1973
Let a(z) = 15*z**3 + 7*z**2 + 19*z - 93. What is a(6)?
3513
Let b(c) = -122247*c + 489225. Calculate b(4).
237
Let n(l) = -466*l**2 - 4156*l - 30. Determine n(-9).
-372
Let m(v) = -2*v**3 + 464*v**2 + 1457*v - 11050. Give m(235).
-5
Let o(a) = 2193*a - 7722. Give o(4).
1050
Let c(i) = i**3 - 45*i**2 + 649*i - 1924. Give c(4).
16
Let x(v) = -2*v**3 + 926*v**2 - 18*v + 8333. Calculate x(463).
-1
Let s(f) = f**3 - 59*f**2 - 116*f + 15888. Determine s(56).
-16
Let x(q) = 120961*q + 2177289. Calculate x(-18).
-9
Let f(x) = 2*x**2 + 99*x + 814. Calculate f(-36).
-158
Let b(n) = 3526*n + 24728. Give b(-7).
46
Let s(b) = -2376*b + 2460. Give s(1).
84
Let q(p) = -2*p**3 + 11*p**2 - 17*p + 182. Calculate q(6).
44
Let t(c) = 25*c**2 - 118*c + 93. Determine t(3).
-36
Let b(m) = -m**3 + 90*m**2 + 110*m - 1598. What is b(91)?
131
Let r(g) = g**3 - 15*g**2 + 49*g + 168. Determine r(8).
112
Let q(l) = 78*l + 1357. Calculate q(-7).
811
Let l(z) = -z**2 - 114*z - 1752. What is l(-20)?
128
Let r(k) = 352*k - 5163. Determine r(15).
117
Let t(s) = -441*s + 510. Give t(3).
-813
Let b(d) = -19*d**3 - 4*d**2 + 9*d - 8. Determine b(1).
-22
Let a(y) = 4489*y + 85336. What is a(-19)?
45
Let i(n) = 45*n**2 + 231*n + 1404. What is i(-6)?
1638
Let p(u) = -2*u**3 + 51*u**2 - 347*u + 624. Calculate p(7).
8
Let r(c) = -c**3 - 6*c**2 + 8*c - 35234. Give r(-35).
11
Let g(o) = o**3 - 46*o**2 + 312*o + 159. Calculate g(33).
-3702
Let w(v) = -178*v**2 - 1852*v + 1153. Give w(-11).
-13
Let m(s) = -s**3 + 30*s**2 + 77*s - 1585. Determine m(30).
725
Let n(f) = -171816*f - 3608137. What is n(-21)?
-1
Let y(s) = 1253972*s + 35111217. Calculate y(-28).
1
Let q(t) = 3*t**2 - 743*t - 11257. Calculate q(262).
9
Let p(i) = -700*i + 53182. Calculate p(76).
-18
Let z(f) = f**3 + 107*f**2 - 2100*f + 21. Calculate z(17).
157
Let q(y) = -y**3 - 79*y**2 - 1195*y + 1771. Give q(-58).
437
Let p(j) = 223*j - 1574. Calculate p(6).
-236
Let m(j) = j**3 + 126*j**2 - 150*j + 1918. Determine m(-127).
4839
Let k(o) = -7*o**3 - 148*o**2 + 160*o + 480. Give k(-22).
-136
Let q(b) = -14*b**2 + 934*b - 3486. Determine q(4).
26
Let o(s) = -22*s**2 + 112*s - 63. What is o(5)?
-53
Let a(c) = -7800*c - 569393. What is a(-73)?
7
Let h(j) = -4*j**3 - 4*j**2 + 351*j + 6. What is h(-9)?
-561
Let j(w) = 37489*w + 3673930. What is j(-98)?
8
Let p(o) = 2096*o + 222178. Determine p(-106).
2
Let u(p) = -6680*p + 240707. What is u(36)?
227
Let o(u) = u**3 + 119*u**2 - 18796*u - 1255. What is o(90)?
5
Let v(j) = 2*j**2 + 43*j - 588. Give v(-31).
1
Let h(w) = 3*w**3 - 57*w**2 - 33*w + 717. Give h(20).
1257
Let q(r) = -25*r**3 + 512*r**2 + 3967*r - 38. Determine q(-6).
-8
Let x(w) = 50*w**2 + 7699*w - 107. Give x(-154).
47
Let n(s) = -82*s**2 + 3199*s - 16. Give n(39).
23
Let b(s) = -s**2 - 1173*s + 67544. Calculate b(55).
4
Let f(j) = -1650*j + 389377. What is f(236)?
-23
Let b(g) = -26*g**2 - 24*g - 1244. What is b(0)?
-1244
Let p(i) = -2*i**3 - 18*i**2 + 890*i - 193. Give p(-26).
-349
Let v(n) = 9*n**3 - 394*n**2 + 4*n + 25. Calculate v(0).
25
Let i(z) = 2*z**3 + 28*z**2 - 400*z + 1917. Calculate i(-24).
-3
Let c(g) = -9*g**3 - 1496*g**2 - 324*g + 1825. Calculate c(-166).
497
Let c(r) = -r**2 + 1207*r + 595323. C